actor of 8 and 18.
2
Calculate the highest common divisor of 255 and 195.
15
Calculate the highest common divisor of 22 and 1727.
11
What is the greatest common divisor of 46 and 1472?
46
What is the greatest common divisor of 152 and 1007?
19
Calculate the greatest common factor of 39 and 52.
13
What is the greatest common divisor of 530 and 20?
10
What is the highest common divisor of 5 and 545?
5
What is the highest common factor of 2860 and 132?
44
What is the greatest common divisor of 25 and 200?
25
Calculate the greatest common divisor of 27 and 72.
9
Calculate the greatest common factor of 75 and 45.
15
What is the greatest common factor of 120 and 1416?
24
Calculate the highest common divisor of 38 and 21052.
38
Calculate the highest common factor of 108 and 837.
27
Calculate the highest common factor of 2352 and 48.
48
What is the greatest common factor of 228 and 399?
57
Calculate the greatest common divisor of 80 and 790.
10
Calculate the highest common divisor of 335 and 67.
67
Calculate the highest common divisor of 754 and 208.
26
What is the highest common factor of 99 and 24057?
99
What is the greatest common divisor of 75 and 255?
15
What is the highest common divisor of 490 and 210?
70
Calculate the highest common divisor of 60 and 112.
4
What is the greatest common divisor of 35 and 1445?
5
Calculate the highest common factor of 44 and 4.
4
What is the highest common factor of 297 and 1161?
27
Calculate the greatest common factor of 1196 and 52.
52
Calculate the greatest common factor of 121 and 847.
121
What is the greatest common factor of 1395 and 35?
5
What is the highest common divisor of 1 and 27?
1
What is the highest common divisor of 3 and 669?
3
What is the greatest common divisor of 2529 and 81?
9
What is the greatest common divisor of 1785 and 2415?
105
Calculate the greatest common divisor of 7 and 9016.
7
Calculate the greatest common factor of 100 and 25.
25
What is the highest common factor of 15322 and 94?
94
What is the highest common divisor of 759 and 297?
33
What is the greatest common factor of 345 and 552?
69
Calculate the highest common factor of 1565 and 14711.
313
Calculate the highest common factor of 66 and 154.
22
What is the highest common divisor of 8568 and 168?
168
What is the highest common divisor of 32 and 5840?
16
What is the highest common divisor of 1236 and 162?
6
Calculate the greatest common factor of 42600 and 120.
120
What is the greatest common factor of 68 and 306?
34
What is the highest common divisor of 9 and 8?
1
What is the highest common divisor of 21 and 36?
3
What is the highest common divisor of 2511 and 62?
31
What is the greatest common divisor of 201 and 536?
67
Calculate the highest common factor of 8440 and 140.
20
Calculate the highest common divisor of 7 and 28.
7
Calculate the highest common divisor of 663 and 429.
39
Calculate the greatest common factor of 72 and 72.
72
What is the greatest common divisor of 32 and 5504?
32
What is the greatest common factor of 468 and 19071?
117
Calculate the highest common factor of 15 and 4215.
15
Calculate the highest common divisor of 32 and 396.
4
What is the highest common factor of 1218 and 58?
58
What is the greatest common factor of 85 and 110?
5
What is the highest common factor of 64 and 56?
8
What is the highest common factor of 890 and 170?
10
What is the greatest common divisor of 250 and 20?
10
What is the highest common factor of 240 and 15?
15
Calculate the highest common factor of 24 and 5496.
24
Calculate the highest common divisor of 196 and 644.
28
What is the highest common factor of 198 and 165?
33
What is the greatest common divisor of 819 and 126?
63
What is the greatest common factor of 100 and 8?
4
What is the highest common factor of 57 and 27?
3
What is the greatest common factor of 46 and 69?
23
Calculate the highest common divisor of 11638 and 22.
22
Calculate the highest common divisor of 2527 and 1463.
133
What is the greatest common factor of 84 and 1792?
28
What is the highest common divisor of 164 and 5494?
82
Calculate the greatest common divisor of 136 and 323.
17
What is the highest common factor of 299 and 52?
13
What is the highest common divisor of 1352 and 3211?
169
What is the greatest common factor of 28150 and 10?
10
Calculate the highest common factor of 6 and 10.
2
Calculate the highest common factor of 1053 and 234.
117
What is the highest common factor of 392 and 882?
98
What is the greatest common divisor of 1224 and 680?
136
Calculate the highest common divisor of 427 and 305.
61
Calculate the greatest common factor of 1776 and 333.
111
Calculate the greatest common factor of 8 and 904.
8
What is the highest common divisor of 400 and 9680?
80
What is the greatest common divisor of 2 and 94?
2
What is the highest common divisor of 260 and 650?
130
Calculate the greatest common factor of 64241 and 227.
227
What is the highest common divisor of 392 and 504?
56
Calculate the greatest common factor of 164 and 32.
4
What is the greatest common divisor of 12 and 292?
4
Calculate the greatest common factor of 1727 and 33.
11
Calculate the highest common divisor of 324 and 144.
36
Calculate the greatest common divisor of 1891 and 31.
31
What is the highest common factor of 3536 and 51?
17
What is the highest common divisor of 18105 and 51?
51
What is the highest common divisor of 119 and 28?
7
What is the greatest common divisor of 92 and 299?
23
Calculate the highest common divisor of 472 and 826.
118
Calculate the highest common divisor of 81 and 459.
27
What is the greatest common divisor of 23 and 345?
23
What is the greatest common divisor of 204 and 884?
68
Calculate the highest common divisor of 54 and 882.
18
What is the highest common factor of 424 and 5?
1
What is the greatest common divisor of 32 and 1168?
16
Calculate the highest common divisor of 76 and 304.
76
What is the greatest common factor of 792 and 108?
36
What is the highest common factor of 5310 and 450?
90
Calculate the greatest common divisor of 2336 and 32.
32
Calculate the greatest common factor of 165 and 75.
15
What is the greatest common factor of 1984 and 512?
64
Calculate the highest common divisor of 630 and 50.
10
Calculate the highest common divisor of 26 and 130.
26
Calculate the greatest common factor of 6390 and 568.
142
What is the highest common factor of 81 and 297?
27
What is the greatest common factor of 4 and 2804?
4
Calculate the greatest common factor of 55 and 1309.
11
What is the greatest common divisor of 891 and 11?
11
Calculate the highest common divisor of 33 and 429.
33
Calculate the highest common divisor of 34524 and 56.
28
Calculate the greatest common factor of 325 and 845.
65
Calculate the highest common divisor of 6840 and 95.
95
What is the greatest common factor of 8235 and 135?
135
What is the greatest common divisor of 17040 and 48?
48
Calculate the highest common divisor of 254 and 12319.
127
What is the greatest common factor of 2650 and 200?
50
What is the highest common divisor of 4 and 820?
4
What is the greatest common divisor of 238 and 102?
34
Calculate the greatest common factor of 8 and 1528.
8
Calculate the highest common divisor of 1432 and 80.
8
What is the greatest common divisor of 1157 and 39?
13
Calculate the highest common factor of 19 and 209.
19
Calculate the highest common factor of 56 and 3752.
56
Calculate the highest common factor of 6 and 3678.
6
What is the greatest common divisor of 4656 and 16?
16
Calculate the greatest common factor of 4245 and 255.
15
What is the greatest common divisor of 247 and 13?
13
What is the greatest common divisor of 1060 and 20?
20
Calculate the highest common factor of 445 and 3204.
89
Calculate the highest common divisor of 3683 and 1016.
127
What is the greatest common divisor of 24 and 168?
24
What is the highest common factor of 1684 and 8?
4
What is the greatest common factor of 5 and 25210?
5
What is the greatest common divisor of 3064 and 80?
8
Calculate the highest common divisor of 12 and 43728.
12
Calculate the greatest common factor of 2280 and 60.
60
What is the greatest common factor of 142 and 3337?
71
What is the highest common divisor of 135 and 495?
45
Calculate the greatest common divisor of 15